
34246
In base 15, what is 2e62 - -3?
2e65
In base 11, what is -1 + 310454?
310453
In base 9, what is -456220 - -4?
-456215
In base 4, what is 123 - 232010?
-231221
In base 14, what is -1c87 - 10?
-1c97
In base 10, what is 5 + 1209?
1214
In base 13, what is 3 + 20476?
20479
In base 10, what is 4 + 8249?
8253
In base 9, what is 3 + 44422?
44425
In base 11, what is 216 + -24?
1a2
In base 7, what is 62 - -1014?
1106
In base 12, what is -4a06 - 4a?
-4a54
In base 4, what is 10202310 - 0?
10202310
In base 2, what is 1110 - -1010101111111111?
1010110000001101
In base 15, what is -1d2ac - 3?
-1d2b0
In base 11, what is 417 + 34?
450
In base 3, what is 1201 - -2022120111?
2022122012
In base 4, what is -10133302 - 0?
-10133302
In base 6, what is -12 + -34312?
-34324
In base 13, what is 455 - 2c?
426
In base 8, what is 242 - 273?
-31
In base 3, what is 1000 - -20101021211?
20101022211
In base 16, what is -3 + -557c?
-557f
In base 9, what is -17 + 762?
744
In base 11, what is 2 - -12202a?
122031
In base 4, what is -10 - -3021103?
3021033
In base 7, what is 2 - -1416102?
1416104
In base 9, what is 271477 + -3?
271474
In base 5, what is -104310 + 3?
-104302
In base 12, what is 115 + a61?
b76
In base 3, what is -102202 + -2012?
-111221
In base 6, what is -1441112 - -5?
-1441103
In base 2, what is -100 - -110011011111011?
110011011110111
In base 4, what is 1 + -2023013?
-2023012
In base 16, what is 8 + -c0c7?
-c0bf
In base 3, what is -1010202102 - -11?
-1010202021
In base 9, what is -7 - -645?
637
In base 10, what is 1 + -345929?
-345928
In base 4, what is -111 - 10030?
-10201
In base 10, what is 1958608 + 4?
1958612
In base 5, what is 11231401 + 2?
11231403
In base 7, what is 2 - -551530?
551532
In base 3, what is -100221 + 202122?
101201
In base 2, what is 10100 + -10100010101111?
-10100010011011
In base 11, what is 34083 - 0?
34083
In base 5, what is -3241143 - 2?
-3241200
In base 11, what is 0 + a891?
a891
In base 6, what is -3413110 + 0?
-3413110
In base 12, what is -1 + 393260?
39325b
In base 2, what is 111 - -100000011011110?
100000011100101
In base 4, what is -33 + 100111?
100012
In base 9, what is 6 + 2255650?
2255656
In base 5, what is -111 - 2110?
-2221
In base 8, what is -136 - 56504?
-56642
In base 5, what is 10342 - -240?
11132
In base 8, what is 4 + 3714132?
3714136
In base 7, what is 13124 - -23?
13150
In base 7, what is -14 + 10166?
10152
In base 7, what is 111 + 1353?
1464
In base 3, what is -1020200 - 212?
-1021112
In base 4, what is -11212200 - -10?
-11212130
In base 5, what is 103 + 24333?
24441
In base 6, what is 5532042 + 0?
5532042
In base 6, what is -452522 + -1?
-452523
In base 5, what is -113032 - -122?
-112410
In base 10, what is -124 + 1577?
1453
In base 9, what is -681 + -320?
-1111
In base 12, what is -30603 + 0?
-30603
In base 5, what is -1221 - -203?
-1013
In base 16, what is -8d7 - -30?
-8a7
In base 3, what is 111110212211 - 200?
111110212011
In base 4, what is -1310 + -310123?
-312033
In base 5, what is -10 + -114111023?
-114111033
In base 12, what is -162047 - -3?
-162044
In base 6, what is -1545 - -24342?
22353
In base 7, what is 130 + -511?
-351
In base 16, what is -287f + -1?
-2880
In base 12, what is 20776 - 40?
20736
In base 4, what is -11332011 - -130?
-11331221
In base 12, what is b28 - 2?
b26
In base 13, what is -2 + bb07?
bb05
In base 12, what is -19889 - 11?
-1989a
In base 7, what is 4 - -313214?
313221
In base 3, what is 0 + 2100110212?
2100110212
In base 13, what is -97 + -336?
-400
In base 3, what is 1001221012 + -201?
1001220111
In base 12, what is 4 + -9190?
-9188
In base 8, what is 12745435 - 4?
12745431
In base 7, what is 22 + 3150?
3202
In base 9, what is 421 + -735?
-314
In base 3, what is 110002 - -122220211?
200100220
In base 3, what is 1221 - 1220000?
-1211002
In base 9, what is -1 + 27815?
27814
In base 16, what is d8 - aa0?
-9c8
In base 7, what is 3122 + -12565?
-6443
In base 5, what is 1313244 - 2?
1313242
In base 7, what is 1 - -12060?
12061
In base 5, what is -13431 + -213?
-14144
In base 11, what is 5a37868 - 0?
5a37868
In base 6, what is 3 + -30530?
-30523
In base 6, what is -13122053 - 0?
-13122053
In base 9, what is -7220 - -2?
-7217
In base 16, what is -78be + -3?
-78c1
In base 3, what is 112110110 - -2?
112110112
In base 13, what is 152797 - 0?
152797
In base 11, what is -a48474 - 0?
-a48474
In base 15, what is -b726 - 0?
-b726
In base 15, what is 19 + 352?
36b
In base 12, what is -315959 + 5?
-315954
In base 13, what is 26c71 + -1?
26c70
In base 2, what is 10001011011100 + 10011011?
10001101110111
In base 8, what is -2646 - 12?
-2660
In base 15, what is 5 + 503e?
5044
In base 6, what is 2305102 - 4?
2305054
In base 16, what is -ee - -b2?
-3c
In base 12, what is -2 + -578aa?
-578b0
In base 3, what is 10 + 1000122112?
1000122122
In base 3, what is 10 + -222010000?
-222002220
In base 3, what is 222112000 + -2?
222111221
In base 14, what is 2 + -12311?
-1230d
In base 9, what is 2613 + -35?
2567
In base 2, what is -1001 + -101111011110100?
-101111011111101
In base 6, what is 53 + 15032?
15125
In base 2, what is 10101101010 - 1000100?
10100100110
In base 4, what is -2013030 + -23?
-2013113
In base 13, what is -26aa4 + -8?
-26aac
In base 12, what is 2 + 2ba02?
2ba04
In base 8, what is -61 + 70176?
70115
In base 4, what is -222023110 + 0?
-222023110
In base 7, what is 56 + -15306?
-15220
In base 10, what is 15421 + 0?
15421
In base 16, what is -4 + -b561c?
-b5620
In base 9, what is -14 - -107650?
107635
In base 6, what is 104 + -33212?
-33104
In base 12, what is 3467 - 3?
3464
In base 10, what is 557 + -557?
0
In base 9, what is 1283 - 2462?
-1168
In base 9, what is -4 + -27001?
-27005
In base 2, what is 0 - -11000110111010010001?
11000110111010010001
In base 2, what is -101011000111 + 1110?
-101010111001
In base 9, what is -627124 - 1?
-627125
In base 14, what is -1 - 3806d?
-38070
In base 9, what is -543 + -437?
-1081
In base 6, what is -113052 - 11?
-113103
In base 10, what is 22 + -2566?
-2544
In base 5, what is -2040 - -423?
-1112
In base 14, what is -13574c + 1?
-13574b
In base 4, what is -32022110 - 2?
-32022112
In base 10, what is -665702 - -3?
-665699
In base 3, what is 12220210100 + 110?
12220210210
In base 13, what is -4 + -2091?
-2095
In base 8, what is -324165 - 11?
-324176
In base 5, what is -2030032 + 2?
-2030030
In base 9, what is -3237 + -246?
-3484
In base 15, what is 1 - 7887?
-7886
In base 11, what is -16 + 446?
430
In base 7, what is 31462 + 20?
31512
In base 13, what is 0 + 16745c?
16745c
In base 4, what is 0 + 10320030?
10320030
In base 10, what is 6 - -13403?
13409
In base 3, what is -121202 + 11200?
-110002
In base 13, what is 12 + -3ab0?
-3a9b
In base 11, what is 12 - 557a?
-5568
In base 5, what is -442330 - 3?
-442333
In base 10, what is -1 - 1054977?
-1054978
In base 12, what is 1 - -184148?
184149
In base 9, what is 1 - 16708?
-16707
In base 14, what is -d + -203b?
-204a
In base 12, what is 502 - -62?
564
In base 3, what is 220020 - -2221?
1000011
In base 16, what is 18 + a82?
a9a
In base 15, what is 1e + -5d2?
-5b3
In base 10, what is 1 - 3580?
-3579
In base 15, what is -188 - -586?
3ed
In base 7, what is 20 - -6533?
6553
In base 5, what is -4 + 10330232?
10330223
In base 15, what is -4 - e291?
-e295
In base 3, what is -2 + -2210001002?
-2210001011
In base 5, what is 21044 + -141?
20403
In base 15, what is -1 + 7127?
7126
In base 7, what is -402 + 221?
-151
In base 7, what is 42 + 15152?
15224
In base 14, what is -1cb + -5d?
-24a
In base 9, what is 1 + 28224?
28225
In base 15, what is -a8 + 28c0?
2817
In base 11, what is -169 + 148?
-21
In base 7, what is -33 + -3041?
-3104
In base 10, what is 0 + -5886?
-5886
In base 8, what is -2 - 162312?
-162314
In base 10, what is -11 - 41882?
-41893
In base 8, what is -5655 - 23?
-5700
In base 6, what is 3315202 - 5?
3315153
In base 14, what is 2 + -1b6a1?
-1b69d
In base 8, what is 1434701 - -3?
1434704
In base 5, what is -2 - -433224?
433222
In base 10, what is 574461 + 2?
574463
In base 16, what is 0 + e58d?
e58d
In base 5, what is -3044 + -113110?
-121204
In base 9, what is -2535 + -1073?
-3618
In base 6, what is -251141 + -11?
-251152
In base 10, what is -241 - 141?
-382
In base 8, what is 0 - 375571?
-375571
In base 15, 